s 8 a factor of 265?
False
Does 64 divide 1333?
False
Is 55 a factor of 9955?
True
Is 1514 a multiple of 55?
False
Is 11 a factor of 1001?
True
Does 197 divide 19930?
False
Is 91 a multiple of 7?
True
Is 378 a multiple of 9?
True
Is 1257 a multiple of 15?
False
Does 3 divide 438?
True
Does 17 divide 24061?
False
Is 2526 a multiple of 51?
False
Is 10 a factor of 130?
True
Is 700 a multiple of 28?
True
Is 125 a factor of 27596?
False
Is 16272 a multiple of 118?
False
Does 42 divide 2604?
True
Is 4620 a multiple of 30?
True
Does 29 divide 2580?
False
Is 888 a multiple of 6?
True
Is 23 a factor of 837?
False
Does 6 divide 6117?
False
Is 8 a factor of 216?
True
Is 815 a multiple of 43?
False
Is 855 a multiple of 27?
False
Is 1018 a multiple of 45?
False
Does 13 divide 546?
True
Is 17 a factor of 4417?
False
Is 14 a factor of 289?
False
Does 2 divide 2779?
False
Is 38 a factor of 24499?
False
Is 7385 a multiple of 6?
False
Is 18 a factor of 1022?
False
Does 39 divide 6355?
False
Is 676 a multiple of 34?
False
Does 11 divide 22?
True
Is 15 a factor of 753?
False
Is 287 a multiple of 15?
False
Does 24 divide 560?
False
Is 36 a factor of 13731?
False
Is 2 a factor of 2944?
True
Is 21206 a multiple of 229?
False
Does 51 divide 4016?
False
Does 20 divide 441?
False
Does 18 divide 702?
True
Is 4732 a multiple of 26?
True
Is 2 a factor of 809?
False
Is 21 a factor of 157?
False
Does 16 divide 2096?
True
Is 125 a multiple of 2?
False
Is 15 a factor of 4590?
True
Is 8670 a multiple of 4?
False
Is 74 a factor of 3316?
False
Is 12 a factor of 599?
False
Is 118 a factor of 64156?
False
Is 7344 a multiple of 9?
True
Is 19 a factor of 5244?
True
Is 145 a multiple of 29?
True
Does 6 divide 426?
True
Does 5 divide 2548?
False
Does 27 divide 1512?
True
Is 8 a factor of 19120?
True
Does 9 divide 234?
True
Is 25210 a multiple of 30?
False
Is 660 a multiple of 9?
False
Does 22 divide 1322?
False
Is 110 a factor of 1980?
True
Does 30 divide 2790?
True
Is 11936 a multiple of 35?
False
Does 9 divide 2097?
True
Is 25 a factor of 220?
False
Is 135 a factor of 6075?
True
Does 15 divide 361?
False
Is 14 a factor of 3164?
True
Is 55 a factor of 770?
True
Does 24 divide 141624?
True
Is 23 a factor of 1360?
False
Is 3876 a multiple of 102?
True
Is 11917 a multiple of 28?
False
Does 9 divide 2925?
True
Is 41330 a multiple of 10?
True
Is 950 a multiple of 69?
False
Is 1008 a multiple of 30?
False
Does 10 divide 3120?
True
Is 51 a factor of 2186?
False
Is 2 a factor of 3250?
True
Is 17195 a multiple of 22?
False
Is 3002 a multiple of 38?
True
Is 36721 a multiple of 20?
False
Does 5 divide 401?
False
Does 66 divide 1188?
True
Does 21 divide 63?
True
Does 6 divide 13386?
True
Is 1836 a multiple of 51?
True
Is 61 a factor of 7808?
True
Does 20 divide 1315?
False
Is 5750 a multiple of 25?
True
Is 12875 a multiple of 16?
False
Does 221 divide 4320?
False
Is 50 a factor of 8914?
False
Does 153 divide 60894?
True
Is 4 a factor of 1180?
True
Is 77042 a multiple of 63?
False
Does 24 divide 2232?
True
Does 249 divide 1245?
True
Does 55 divide 54505?
True
Does 37 divide 7581?
False
Is 92 a multiple of 4?
True
Does 55 divide 98000?
False
Does 42 divide 2058?
True
Does 10 divide 869?
False
Is 170 even?
True
Is 9 a factor of 73498?
False
Is 6018 a multiple of 25?
False
Does 250 divide 11093?
False
Is 344 a multiple of 4?
True
Is 42711 a multiple of 53?
False
Is 416 a multiple of 8?
True
Is 4329 a multiple of 17?
False
Does 5 divide 28?
False
Is 128 a factor of 7296?
True
Is 36 a factor of 396?
True
Is 12 a factor of 2940?
True
Is 4977 a multiple of 15?
False
Is 52179 a multiple of 81?
False
Does 24 divide 1032?
True
Does 34 divide 18584?
False
Is 3135 a multiple of 3?
True
Is 32 a factor of 44416?
True
Does 153 divide 6336?
False
Is 930 a multiple of 25?
False
Is 17 a factor of 4054?
False
Does 9 divide 14506?
False
Does 69 divide 5313?
True
Is 97 a factor of 2690?
False
Is 34 a factor of 9295?
False
Is 17 a factor of 2363?
True
Is 54 a factor of 3078?
True
Is 36 a multiple of 2?
True
Is 12 a factor of 2880?
True
Does 77 divide 79130?
False
Does 13 divide 1651?
True
Is 47575 a multiple of 11?
True
Is 48 a factor of 58287?
False
Is 71 a multiple of 4?
False
Is 9 a factor of 501?
False
Is 3585 a multiple of 15?
True
Is 2297 a multiple of 28?
False
Is 29 a factor of 6357?
False
Is 3096 a multiple of 12?
True
Does 52 divide 312?
True
Is 290 a multiple of 10?
True
Is 8557 a multiple of 43?
True
Does 10 divide 160?
True
Is 35394 a multiple of 17?
True
Does 81 divide 16281?
True
Is 5 a factor of 840?
True
Is 20984 a multiple of 11?
False
Is 9168 a multiple of 79?
False
Does 53 divide 1976?
False
Is 7735 a multiple of 85?
True
Is 36864 a multiple of 144?
True
Is 963 a multiple of 51?
False
Is 27 a factor of 995?
False
Does 38 divide 494?
True
Is 2 a factor of 1959?
False
Is 646 a multiple of 36?
False
Does 24 divide 1176?
True
Is 12 a factor of 5256?
True
Is 96 a factor of 1344?
True
Does 12 divide 81862?
False
Is 22 a factor of 974?
False
Is 1628 a multiple of 11?
True
Is 16 a factor of 2640?
True
Is 9360 a multiple of 9?
True
Is 4030 a multiple of 3?
False
Does 25 divide 4675?
True
Is 22 a factor of 711?
False
Does 30 divide 1440?
True
Is 248 a factor of 20854?
False
Is 55 a factor of 28600?
True
Is 8 a factor of 2627?
False
Is 69 a factor of 59754?
True
Is 24293 a multiple of 152?
False
Does 10 divide 5588?
False
Does 22 divide 12163?
False
Is 16321 a multiple of 35?
False
Is 3699 a multiple of 27?
True
Is 1737 a multiple of 8?
False
Is 19 a factor of 9763?
False
Is 2616 a multiple of 24?
True
Does 43 divide 4745?
False
Does 4 divide 4061?
False
Is 497 a multiple of 15?
False
Does 22 divide 44?
True
Is 44 a factor of 11396?
True
Does 5 divide 2251?
False
Is 157 a factor of 104562?
True
Is 17 a factor of 3298?
True
Is 16 a factor of 21056?
True
Is 2753 a multiple of 16?
False
Is 177 a factor of 3009?
True
Is 37 a factor of 37?
True
Is 2160 a multiple of 60?
True
Does 54 divide 2237?
False
Is 3 a factor of 435?
True
Is 143 a factor of 10725?
True
Does 223 divide 26091?
True
Is 14784 a multiple of 11?
True
Is 135 a factor of 3375?
True
Is 13 a factor of 2799?
False
Does 11 divide 3201?
True
Is 16 a factor of 29526?
False
Is 35 a factor of 335?
False
Is 40 a factor of 4960?
True
Does 76 divide 762?
False
Is 7360 a multiple of 29?
False
Is 1818 a multiple of 4?
False
Is 775 a multiple of 155?
True
Does 26 divide 338?
True
Is 16 a factor of 4304?
True
Does 16 divide 12438?
False
Is 24 a factor of 2592?
True
Does 8 divide 13152?
True
Is 22 a factor of 180818?
True
Is 21 a factor of 756?
True
Does 167 divide 22561?
False
Is 728 a multiple of 9?
False
Does 5 divide 491?
False
Is 107 a factor of 7667?
False
Does 4 divide 333?
False
Is 22 a factor of 6798?
True
Is 4 a factor of 188?
True
Is 22264 a multiple of 69?
False
Is 26 a factor of 634?
False
Is 9360 a multiple of 15?
True
Does 47 divide 19089?
False
Is 4874 a multiple of 62?
False
Does 55 divide 3630?
True
Does 21 divide 27216?
True
Does 22 divide 69569?
False
Is 605 a multiple of 60?
False
Does 2 divide 66?
True
Is 29 a factor of 331?
False
Is 350 a multiple of 5?
True
Is 1564 a multiple of 18?
False
Does 7 divide 329?
True
Is 61 a factor of 976?
True
Is 22555 a multiple of 65?
True
Does 42 divide 9702?
True
Is 1976 a multiple of 8?
True
Is 3 a factor of 173?
False
Does 21 divide 7875?
True
Does 15 divide 7068?
False
Is 33 a factor of 28876?
False
Is 13444 a multiple of 29?
False
Does 67 divide 3350?
True
Is 8003 a multiple of 49?
False
Is 23 a factor of 6578?
True
Is 62 a factor of 34472?
True
Does 179 divide 2642?
False
Is 4697 a multiple of 43?
False
Is 732 a multiple of 20?
False
Is 29 a factor of 1653?
True
Is 640 a multiple of 73?
False
Is 3410 a multiple of 5?
True
Does 71 divide 837?
False
Is 15 a factor of 9420?
True
Does 63 divide 441?
True
Is 4 a factor of 1075?
False
Is 9 a factor of 1494?
True
Does 18 divide 2099?
False
Does 19 divide 9861?
True
Does 29 divide 25752?
True
Is 62580 a multiple of 16?
False
Is 7 a factor of 4844?
True
Is 4725 a multiple of 4?
False
Does 20 divide 100?
True
Does 13 divide 1281?
False
Does 50 divide 52400?
True
Is 4 a factor of 588?
True
Is 135 a factor of 8265?
False
Is 40 a factor of 13200?
True
Is 133 a 